{"id":83,"date":"2018-02-11T08:19:24","date_gmt":"2018-02-11T08:19:24","guid":{"rendered":"http:\/\/stfranziskus-kindergarten.de\/?page_id=83"},"modified":"2025-12-03T13:40:08","modified_gmt":"2025-12-03T13:40:08","slug":"paedagogische-grundlagen","status":"publish","type":"page","link":"https:\/\/stfranziskus-kindergarten.de\/?page_id=83","title":{"rendered":"Vorschulp\u00e4dagogisches Arbeiten"},"content":{"rendered":"\n<h2 class=\"wp-block-heading\">Bib-F\u00fchrerschein f\u00fcr Vorschulkinder<\/h2>\n\n\n\n<p>Wir nehmen j\u00e4hrlich an dem Angebot &#8222;Ich bin ein Bib-Profi&#8220; der Stadtb\u00fccherei Regensburg teil.<br>Im Rahmen zweier Besuche in der nahegelegenen Stadtteilb\u00fccherei Candis entdecken unsere Vorschulkinder die Welt der B\u00fccher und werden zu &#8222;B\u00fccherei-Profis&#8220;. \ud83d\ude42<br>Auf diese Weise k\u00f6nnen die Kinder in ihrer Lesefreude best\u00e4rkt werden, die Grundfunktion einer B\u00fccherei kennenlernen und Freude am Aufenthalt in deren R\u00e4umlichkeiten erfahren. <br>Als Abschluss des Bib-F\u00fchrerscheins erhalten die Kinder einen kostenlosen B\u00fcchereiausweis, eine Auszeichnung sowie eine B\u00fcchertasche. <br>(vgl. Brosch\u00fcre &#8222;Ich bin ein Bib-Profi&#8220; der Stadt Regensburg, Amt f\u00fcr Weiterbildung, Stadtb\u00fccherei<\/p>\n\n\n\n<h2 class=\"wp-block-heading\">Vorschulp\u00e4dagogische Aktivit\u00e4ten innerhalb unserer Kindertageseinrichtung<\/h2>\n\n\n\n<p><\/p>\n","protected":false},"excerpt":{"rendered":"<p>Bib-F\u00fchrerschein f\u00fcr Vorschulkinder Wir nehmen j\u00e4hrlich an dem Angebot &#8222;Ich bin ein Bib-Profi&#8220; der Stadtb\u00fccherei Regensburg teil.Im Rahmen zweier Besuche in der nahegelegenen Stadtteilb\u00fccherei Candis entdecken unsere Vorschulkinder die Welt der B\u00fccher und werden zu &#8222;B\u00fccherei-Profis&#8220;. \ud83d\ude42Auf diese Weise k\u00f6nnen die Kinder in ihrer Lesefreude best\u00e4rkt werden, die Grundfunktion einer [&hellip;]<\/p>\n","protected":false},"author":1,"featured_media":0,"parent":9,"menu_order":0,"comment_status":"closed","ping_status":"closed","template":"","meta":{"footnotes":""},"class_list":["post-83","page","type-page","status-publish","hentry"],"yoast_head":"<!-- This site is optimized with the Yoast SEO plugin v27.3 - https:\/\/yoast.com\/product\/yoast-seo-wordpress\/ -->\n<title>Vorschulp\u00e4dagogisches Arbeiten - Kindergarten St. Franziskus<\/title>\n<meta name=\"robots\" content=\"index, follow, max-snippet:-1, max-image-preview:large, max-video-preview:-1\" \/>\n<link rel=\"canonical\" href=\"https:\/\/stfranziskus-kindergarten.de\/?page_id=83\" \/>\n<meta property=\"og:locale\" content=\"de_DE\" \/>\n<meta property=\"og:type\" content=\"article\" \/>\n<meta property=\"og:title\" content=\"Vorschulp\u00e4dagogisches Arbeiten - Kindergarten St. Franziskus\" \/>\n<meta property=\"og:description\" content=\"Bib-F\u00fchrerschein f\u00fcr Vorschulkinder Wir nehmen j\u00e4hrlich an dem Angebot &#8222;Ich bin ein Bib-Profi&#8220; der Stadtb\u00fccherei Regensburg teil.Im Rahmen zweier Besuche in der nahegelegenen Stadtteilb\u00fccherei Candis entdecken unsere Vorschulkinder die Welt der B\u00fccher und werden zu &#8222;B\u00fccherei-Profis&#8220;. \ud83d\ude42Auf diese Weise k\u00f6nnen die Kinder in ihrer Lesefreude best\u00e4rkt werden, die Grundfunktion einer [&hellip;]\" \/>\n<meta property=\"og:url\" content=\"https:\/\/stfranziskus-kindergarten.de\/?page_id=83\" \/>\n<meta property=\"og:site_name\" content=\"Kindergarten St. Franziskus\" \/>\n<meta property=\"article:modified_time\" content=\"2025-12-03T13:40:08+00:00\" \/>\n<meta name=\"twitter:card\" content=\"summary_large_image\" \/>\n<meta name=\"twitter:label1\" content=\"Gesch\u00e4tzte Lesezeit\" \/>\n\t<meta name=\"twitter:data1\" content=\"1\u00a0Minute\" \/>\n<script type=\"application\/ld+json\" class=\"yoast-schema-graph\">{\"@context\":\"https:\\\/\\\/schema.org\",\"@graph\":[{\"@type\":\"WebPage\",\"@id\":\"https:\\\/\\\/stfranziskus-kindergarten.de\\\/?page_id=83\",\"url\":\"https:\\\/\\\/stfranziskus-kindergarten.de\\\/?page_id=83\",\"name\":\"Vorschulp\u00e4dagogisches Arbeiten - Kindergarten St. Franziskus\",\"isPartOf\":{\"@id\":\"http:\\\/\\\/stfranziskus-kindergarten.de\\\/#website\"},\"datePublished\":\"2018-02-11T08:19:24+00:00\",\"dateModified\":\"2025-12-03T13:40:08+00:00\",\"breadcrumb\":{\"@id\":\"https:\\\/\\\/stfranziskus-kindergarten.de\\\/?page_id=83#breadcrumb\"},\"inLanguage\":\"de\",\"potentialAction\":[{\"@type\":\"ReadAction\",\"target\":[\"https:\\\/\\\/stfranziskus-kindergarten.de\\\/?page_id=83\"]}]},{\"@type\":\"BreadcrumbList\",\"@id\":\"https:\\\/\\\/stfranziskus-kindergarten.de\\\/?page_id=83#breadcrumb\",\"itemListElement\":[{\"@type\":\"ListItem\",\"position\":1,\"name\":\"Startseite\",\"item\":\"http:\\\/\\\/stfranziskus-kindergarten.de\\\/\"},{\"@type\":\"ListItem\",\"position\":2,\"name\":\"Konzeption\",\"item\":\"https:\\\/\\\/stfranziskus-kindergarten.de\\\/?page_id=9\"},{\"@type\":\"ListItem\",\"position\":3,\"name\":\"Vorschulp\u00e4dagogisches Arbeiten\"}]},{\"@type\":\"WebSite\",\"@id\":\"http:\\\/\\\/stfranziskus-kindergarten.de\\\/#website\",\"url\":\"http:\\\/\\\/stfranziskus-kindergarten.de\\\/\",\"name\":\"Kindergarten St. Franziskus\",\"description\":\"\",\"potentialAction\":[{\"@type\":\"SearchAction\",\"target\":{\"@type\":\"EntryPoint\",\"urlTemplate\":\"http:\\\/\\\/stfranziskus-kindergarten.de\\\/?s={search_term_string}\"},\"query-input\":{\"@type\":\"PropertyValueSpecification\",\"valueRequired\":true,\"valueName\":\"search_term_string\"}}],\"inLanguage\":\"de\"}]}<\/script>\n<!-- \/ Yoast SEO plugin. -->","yoast_head_json":{"title":"Vorschulp\u00e4dagogisches Arbeiten - Kindergarten St. Franziskus","robots":{"index":"index","follow":"follow","max-snippet":"max-snippet:-1","max-image-preview":"max-image-preview:large","max-video-preview":"max-video-preview:-1"},"canonical":"https:\/\/stfranziskus-kindergarten.de\/?page_id=83","og_locale":"de_DE","og_type":"article","og_title":"Vorschulp\u00e4dagogisches Arbeiten - Kindergarten St. Franziskus","og_description":"Bib-F\u00fchrerschein f\u00fcr Vorschulkinder Wir nehmen j\u00e4hrlich an dem Angebot &#8222;Ich bin ein Bib-Profi&#8220; der Stadtb\u00fccherei Regensburg teil.Im Rahmen zweier Besuche in der nahegelegenen Stadtteilb\u00fccherei Candis entdecken unsere Vorschulkinder die Welt der B\u00fccher und werden zu &#8222;B\u00fccherei-Profis&#8220;. \ud83d\ude42Auf diese Weise k\u00f6nnen die Kinder in ihrer Lesefreude best\u00e4rkt werden, die Grundfunktion einer [&hellip;]","og_url":"https:\/\/stfranziskus-kindergarten.de\/?page_id=83","og_site_name":"Kindergarten St. Franziskus","article_modified_time":"2025-12-03T13:40:08+00:00","twitter_card":"summary_large_image","twitter_misc":{"Gesch\u00e4tzte Lesezeit":"1\u00a0Minute"},"schema":{"@context":"https:\/\/schema.org","@graph":[{"@type":"WebPage","@id":"https:\/\/stfranziskus-kindergarten.de\/?page_id=83","url":"https:\/\/stfranziskus-kindergarten.de\/?page_id=83","name":"Vorschulp\u00e4dagogisches Arbeiten - Kindergarten St. Franziskus","isPartOf":{"@id":"http:\/\/stfranziskus-kindergarten.de\/#website"},"datePublished":"2018-02-11T08:19:24+00:00","dateModified":"2025-12-03T13:40:08+00:00","breadcrumb":{"@id":"https:\/\/stfranziskus-kindergarten.de\/?page_id=83#breadcrumb"},"inLanguage":"de","potentialAction":[{"@type":"ReadAction","target":["https:\/\/stfranziskus-kindergarten.de\/?page_id=83"]}]},{"@type":"BreadcrumbList","@id":"https:\/\/stfranziskus-kindergarten.de\/?page_id=83#breadcrumb","itemListElement":[{"@type":"ListItem","position":1,"name":"Startseite","item":"http:\/\/stfranziskus-kindergarten.de\/"},{"@type":"ListItem","position":2,"name":"Konzeption","item":"https:\/\/stfranziskus-kindergarten.de\/?page_id=9"},{"@type":"ListItem","position":3,"name":"Vorschulp\u00e4dagogisches Arbeiten"}]},{"@type":"WebSite","@id":"http:\/\/stfranziskus-kindergarten.de\/#website","url":"http:\/\/stfranziskus-kindergarten.de\/","name":"Kindergarten St. Franziskus","description":"","potentialAction":[{"@type":"SearchAction","target":{"@type":"EntryPoint","urlTemplate":"http:\/\/stfranziskus-kindergarten.de\/?s={search_term_string}"},"query-input":{"@type":"PropertyValueSpecification","valueRequired":true,"valueName":"search_term_string"}}],"inLanguage":"de"}]}},"_links":{"self":[{"href":"https:\/\/stfranziskus-kindergarten.de\/index.php?rest_route=\/wp\/v2\/pages\/83","targetHints":{"allow":["GET"]}}],"collection":[{"href":"https:\/\/stfranziskus-kindergarten.de\/index.php?rest_route=\/wp\/v2\/pages"}],"about":[{"href":"https:\/\/stfranziskus-kindergarten.de\/index.php?rest_route=\/wp\/v2\/types\/page"}],"author":[{"embeddable":true,"href":"https:\/\/stfranziskus-kindergarten.de\/index.php?rest_route=\/wp\/v2\/users\/1"}],"replies":[{"embeddable":true,"href":"https:\/\/stfranziskus-kindergarten.de\/index.php?rest_route=%2Fwp%2Fv2%2Fcomments&post=83"}],"version-history":[{"count":7,"href":"https:\/\/stfranziskus-kindergarten.de\/index.php?rest_route=\/wp\/v2\/pages\/83\/revisions"}],"predecessor-version":[{"id":238,"href":"https:\/\/stfranziskus-kindergarten.de\/index.php?rest_route=\/wp\/v2\/pages\/83\/revisions\/238"}],"up":[{"embeddable":true,"href":"https:\/\/stfranziskus-kindergarten.de\/index.php?rest_route=\/wp\/v2\/pages\/9"}],"wp:attachment":[{"href":"https:\/\/stfranziskus-kindergarten.de\/index.php?rest_route=%2Fwp%2Fv2%2Fmedia&parent=83"}],"curies":[{"name":"wp","href":"https:\/\/api.w.org\/{rel}","templated":true}]}}